*s - 4*s. Let c be p(-4). List the prime factors of 1/2*c + -1.
2, 11
Let k(l) = 8*l**2 + 3*l + 2. Let p be k(-2). Suppose -2*g = 2*g + p. Let a(z) = z**2 + 5*z - 5. What are the prime factors of a(g)?
3
Let z(h) = -21*h. Let j(w) = 2*w. Let v(o) = -22*j(o) - 2*z(o). List the prime factors of v(-1).
2
Let l be 2 - (2 + 1 - 1). Suppose 5*u - 4*a + a - 131 = l, -5*u + a + 127 = 0. List the prime factors of u.
5
Let b(c) = 9*c + 178. List the prime factors of b(0).
2, 89
Let f(h) = -2*h**2 - 7*h. Let s be (-1 - 4) + (0 - 0). Let y be f(s). List the prime factors of (-175)/y + 2/(-3).
11
Let j = -4 + 8. List the prime factors of 2*-1 + j - -3.
5
Let r(u) = -u**2 - 2*u + 5. Let x be r(-5). Let c = 18 + x. Let j(d) = 2*d - 8. List the prime factors of j(c).
2
Let n = 41 + -7. Suppose 2*f - n = 4. List the prime factors of f.
19
Suppose k = 1 + 5. List the prime factors of k.
2, 3
Suppose 5*t - 3*q + 12 = 0, -3*t = -2*q - q + 6. What are the prime factors of (t - -10) + (0 - 0)?
7
Let j = -44 - -105. What are the prime factors of j?
61
Let w = -64 - -110. What are the prime factors of w?
2, 23
Suppose 6 = 3*h, -11*b + 9*b + 360 = -h. List the prime factors of b.
181
Let p be (-31)/4 + (-8)/32. Suppose 0 = 3*t - t + 4. Let g = t - p. What are the prime factors of g?
2, 3
Let k(q) be the first derivative of q**3/3 - 3*q**2/2 - 7*q - 2. List the prime factors of k(6).
11
Suppose 11*q - 4*q - 28 = 0. List the prime factors of q.
2
Let p(y) = 5*y**3 - y + 1. Let r be p(1). Suppose 0 = -r*j - 0*j + 10. List the prime factors of j.
2
What are the prime factors of (4 - 2 - 1) + 97?
2, 7
Suppose 3*x - 12 = -0*x. Suppose 149 = 4*m + 3*v, 5*m - x*v = -2*v + 169. Suppose -50 = -5*k + m. List the prime factors of k.
17
Let o = 10 - 6. Let v = -4 + o. Let k = v + 3. What are the prime factors of k?
3
Let a(q) = 3*q**2 - 4. Let c be a(-4). Suppose 4*o - t - 16 = c, 84 = 5*o + t. Suppose 4*x - o = 2*x. List the prime factors of x.
2
Suppose -3*l - 5*l + 752 = 0. What are the prime factors of l?
2, 47
Let i = 147 + -34. What are the prime factors of i?
113
Suppose 6*p - 277 = -103. List the prime factors of p.
29
Let g be (2/3)/(4/42). Let x(u) = u - 4. What are the prime factors of x(g)?
3
Let c = 8 - 2. Suppose l - 10 = c*l + 5*i, -2 = i. Suppose l = 6*m - 3*m - 6. List the prime factors of m.
2
Suppose 2*y + 380 = 5*d, d - 4*y - 79 = -3*y. List the prime factors of d.
2, 37
Let p(v) = -v. Let q be p(-1). Let g = 0 - -5. Suppose 0 = -g*n - q + 21. What are the prime factors of n?
2
Let i(j) = 2*j + 7. What are the prime factors of i(7)?
3, 7
Suppose -3*h + 10 + 83 = 0. What are the prime factors of h?
31
Suppose m + 17 = -4*b, 3*b + 9 = -2*m - 10. Suppose 5*t = -a, 3*a + 3*t = -0*t - 24. Let c = b - a. List the prime factors of c.
7
Suppose 4*g = -3*j - 2 + 3, 0 = 2*g - j + 7. What are the prime factors of (-3 + 9/6)*g?
3
Suppose g = -2*v - v - 45, -5*g - 206 = -4*v. What are the prime factors of (16/(-12))/(4/g)?
2, 7
Let c(b) = -77*b - 1. Let k be c(-1). Suppose 5*i - 29 = k. What are the prime factors of i?
3, 7
Suppose 0 = t + 2*l + 5, -2*l - 2*l - 19 = -t. Suppose -5*u = -10*u + t*j + 233, -183 = -4*u - j. List the prime factors of u.
2, 23
Let b = 20 + -11. Let j(m) = -m**2 + 12*m + 13. List the prime factors of j(b).
2, 5
Let w(n) = 14*n + 3. What are the prime factors of w(4)?
59
Let g be ((-4)/(-5))/((-8)/(-60)). Suppose 0 = 2*y - 3*y - o + 35, 2*o + 29 = y. Suppose g*h = 3*h + y. What are the prime factors of h?
11
Let o be (6/(-3) - 1)*-1. Suppose -o*z + 5*u = -16, -16 = -z - 4*z + 3*u. Suppose 3*l + b - 10 = 3*b, b = -z. What are the prime factors of l?
2
Suppose 0 = -4*y + 3*l - 15, -3*y - 1 - 8 = -3*l. Let x be 3/y - 9/(-2). List the prime factors of (-8)/(-3)*6/x.
2
Let h = 30 - -10. What are the prime factors of h?
2, 5
List the prime factors of -1 - (-6)/4*86.
2
Suppose 3 + 3 = 3*l. Suppose 3*h = 4*v - 36, 5*v + h - 34 = l*h. What are the prime factors of v?
2, 3
Suppose -3 - 1 = 5*h - 2*y, -2*h = -5*y + 10. Suppose -4*r - r = h. Suppose 3*s - 2*s - 2*l = r, 12 = -s + 5*l. What are the prime factors of s?
2
Let o be 6/9 - (-78)/(-9). Suppose 0 = -3*c - 3*d + 21, -5*c + 29 = -2*c + d. Let r = o + c. List the prime factors of r.
3
Let t(v) be the first derivative of v**4/4 + 2*v**3 - 4*v**2 + 1. What are the prime factors of t(-7)?
7
List the prime factors of 6/(-27) + 3424/18.
2, 5, 19
Suppose -4*g = 5*p - 269 + 109, 2*p = 4*g - 160. Suppose 0*x + g = 4*x. List the prime factors of x.
2, 5
Suppose 0 = 5*n - 3 - 2. Let z = 1 - n. What are the prime factors of -3*(z - -2 - 4)?
2, 3
Suppose -2*z + 1 = -7. Suppose 16 = z*u - 4. Suppose 3*b + 4*o + 3 = 0, -4*o - o = u*b. List the prime factors of b.
3
Suppose u = 5*b + 75, -3*u + 5*b - b = -269. List the prime factors of u.
5, 19
Suppose x + 30 = -2*x. Let v(i) = -i**3 - 10*i**2 - 2*i - 8. What are the prime factors of v(x)?
2, 3
Let j be 2/2 - -1 - 0. Suppose p = 2*t - 25, -2*t + p = -j*p - 31. Suppose 0 = g + o - 2, -g + 5*o - 3 = -t. What are the prime factors of g?
3
Let w(x) = 12*x**2 + x. Suppose -4*g - 35 = 5*n, -2*g + 5*n = g + 35. Let p be 14/g + (-10)/(-25). What are the prime factors of w(p)?
11
Let i = -14 + -11. Let l = 54 + i. List the prime factors of l.
29
Let l(r) = 2*r**3 - 4*r**2 - 32*r + 16. What are the prime factors of l(7)?
2, 3, 47
Let j(w) = -w**2 - 6*w - 3. Let v be j(-5). Suppose 15 = 5*m + v*t - 4*t, m + 5*t = 3. List the prime factors of m.
3
Let w(b) = -b**3 - 4*b**2 - 5 + 8*b - b**2 + 2*b**3 - 4*b. List the prime factors of w(5).
3, 5
Let v = 7 - -32. List the prime factors of v.
3, 13
Let m = -122 + 125. List the prime factors of m.
3
Let u = -19 - -36. What are the prime factors of u?
17
Let m(b) = 2*b**3 - 6*b**2 + 11*b - 6. List the prime factors of m(4).
2, 5, 7
Suppose 3*i - 129 = 12. What are the prime factors of i?
47
Let d(o) = -4*o - 3. What are the prime factors of d(-2)?
5
Let h be (-84)/(-5) - (-8)/40. Suppose -d + 4*y = -6*d + 28, -3*y - h = -d. What are the prime factors of d?
2
Let w be 102/4*8/6. Suppose 0 = -2*f + 3*c + 19, -1 + 7 = 3*f + 3*c. Suppose -11 = -f*z + w. List the prime factors of z.
3
Let s(a) = -a. Let v(d) = 14*d - 4. Let p(n) = 12*s(n) + v(n). What are the prime factors of p(3)?
2
Suppose 2*v = 4*v - 2. Let n be (v - 0 - 3) + 5. Suppose -r + n*s + s = -26, 2*r = -3*s - 3. What are the prime factors of r?
2, 3
Suppose -127 = -w + 4*c, 4*c - 14 = -w + 137. What are the prime factors of w?
139
Let n = 14 + 38. What are the prime factors of n?
2, 13
Suppose -288 = 3*q - 2*m, -4*q + 3*m = -q + 285. What are the prime factors of (q/(-21))/(2/3)?
7
Let s(x) = x**2 + 7*x - 2. Let y be s(-8). Suppose -4*k + y = 4*o - 46, 5*k - 31 = -3*o. What are the prime factors of o?
17
Let h(w) = 6*w - 3. Suppose 11 = -4*j + 27. What are the prime factors of h(j)?
3, 7
Suppose -8*d = 2*d - 960. List the prime factors of d.
2, 3
Let a be (8/6)/2*15. What are the prime factors of 86/a - 6/(-15)?
3
Suppose 620 = 5*r - r. List the prime factors of r.
5, 31
Suppose 0 = -5*s - 570 + 1710. What are the prime factors of s?
2, 3, 19
Suppose -s = 4, -3*w + 0*w + s + 4 = 0. Suppose -3*i = 2*b - 18, 0 = -w*b - b - 4*i + 4. What are the prime factors of b?
2, 3
Let w(f) = f + 5. Let c be w(0). Suppose -a + 2*a + c*g = 15, 0 = 2*a - g - 74. Let r = a + -25. List the prime factors of r.
2, 5
Let s(j) = -j - 5. Suppose -5*o - 6 = -i - 26, 3*i + 36 = 3*o. Let q be s(i). Let v(y) = 2*y - 2. List the prime factors of v(q).
2
Let f(s) = -s**3 + s - 4. Let p(c) = -c**3 + 2*c**2 + 3*c - 4. Let t be p(3). What are the prime factors of f(t)?
2, 7
Let k(a) be the second derivative of 15*a**3/2 - 9*a. List the prime factors of k(1).
3, 5
Let r(g) be the first derivative of -11/3*g**3 - 4*g + 1/2*g**2 + 2 + 1/4*g**4. What are the prime factors of r(11)?
7
Suppose -4*a - 2*a = -924. List the prime factors of a.
2, 7, 11
Suppose 0 = 5*v - 2*v - 4*w - 28, -5*w = -4*v + 36. Suppose z - v*z = 5*s - 64, -5*z - 40 = -5*s. List the prime factors of s.
11
Let m = 7 + -7. Let t be -3 - m*1/3. Let d = t + 8. What are the prime factors of d?
5
Let t be ((-6)/4)/((-7)/42). Suppose -5*n = -2*n + t. List the prime factors of ((-5)/(-3))/((-1)/n).
5
Suppose -2*n - n - 4*f = -303, 4*f = -n + 101. Lis